hat is the thousands digit of 10692?
0
What is the tens digit of 95?
9
What is the units digit of 8725?
5
What is the tens digit of 739?
3
What is the ten thousands digit of 54272?
5
What is the hundreds digit of 3105?
1
What is the units digit of 289?
9
What is the units digit of 524?
4
What is the tens digit of 13797?
9
What is the thousands digit of 1353?
1
What is the hundreds digit of 1487?
4
What is the tens digit of 135?
3
What is the thousands digit of 9592?
9
What is the ten thousands digit of 31879?
3
What is the ten thousands digit of 28737?
2
What is the units digit of 27706?
6
What is the tens digit of 9406?
0
What is the hundreds digit of 492?
4
What is the tens digit of 586?
8
What is the units digit of 22767?
7
What is the thousands digit of 2438?
2
What is the hundreds digit of 3673?
6
What is the tens digit of 63947?
4
What is the thousands digit of 7264?
7
What is the tens digit of 670?
7
What is the tens digit of 2581?
8
What is the ten thousands digit of 91673?
9
What is the tens digit of 26541?
4
What is the hundreds digit of 109238?
2
What is the hundreds digit of 561?
5
What is the units digit of 35778?
8
What is the units digit of 31682?
2
What is the thousands digit of 1026?
1
What is the thousands digit of 19914?
9
What is the tens digit of 43443?
4
What is the tens digit of 12144?
4
What is the tens digit of 28816?
1
What is the thousands digit of 38840?
8
What is the tens digit of 2787?
8
What is the units digit of 4877?
7
What is the thousands digit of 30255?
0
What is the tens digit of 9584?
8
What is the units digit of 4257?
7
What is the thousands digit of 2236?
2
What is the tens digit of 2264?
6
What is the hundreds digit of 577?
5
What is the units digit of 7?
7
What is the units digit of 9148?
8
What is the tens digit of 1920?
2
What is the thousands digit of 3694?
3
What is the ten thousands digit of 146694?
4
What is the units digit of 1032?
2
What is the hundreds digit of 7129?
1
What is the tens digit of 40982?
8
What is the tens digit of 72209?
0
What is the ten thousands digit of 30475?
3
What is the units digit of 4105?
5
What is the tens digit of 3046?
4
What is the hundreds digit of 765?
7
What is the thousands digit of 1416?
1
What is the units digit of 196?
6
What is the units digit of 1020?
0
What is the tens digit of 16569?
6
What is the units digit of 3947?
7
What is the units digit of 57361?
1
What is the thousands digit of 5727?
5
What is the hundred thousands digit of 190855?
1
What is the tens digit of 657?
5
What is the tens digit of 10066?
6
What is the units digit of 133075?
5
What is the ten thousands digit of 25241?
2
What is the hundreds digit of 2909?
9
What is the hundreds digit of 1541?
5
What is the tens digit of 366?
6
What is the units digit of 31?
1
What is the units digit of 10?
0
What is the tens digit of 3261?
6
What is the thousands digit of 9123?
9
What is the ten thousands digit of 32020?
3
What is the thousands digit of 17996?
7
What is the tens digit of 143081?
8
What is the units digit of 882?
2
What is the hundreds digit of 6662?
6
What is the tens digit of 6706?
0
What is the units digit of 3471?
1
What is the tens digit of 1121?
2
What is the tens digit of 1672?
7
What is the units digit of 5386?
6
What is the hundreds digit of 2128?
1
What is the thousands digit of 5862?
5
What is the hundreds digit of 2946?
9
What is the hundreds digit of 538?
5
What is the ten thousands digit of 14299?
1
What is the units digit of 6566?
6
What is the hundreds digit of 2581?
5
What is the hundreds digit of 703?
7
What is the ten thousands digit of 13640?
1
What is the thousands digit of 5679?
5
What is the units digit of 7445?
5
What is the thousands digit of 2006?
2
What is the tens digit of 6106?
0
What is the hundreds digit of 980?
9
What is the tens digit of 12178?
7
What is the thousands digit of 168099?
8
What is the hundreds digit of 142?
1
What is the tens digit of 871?
7
What is the tens digit of 7710?
1
What is the units digit of 545?
5
What is the tens digit of 297?
9
What is the thousands digit of 11353?
1
What is the units digit of 5366?
6
What is the ten thousands digit of 16131?
1
What is the thousands digit of 3758?
3
What is the tens digit of 107749?
4
What is the hundreds digit of 61662?
6
What is the tens digit of 6884?
8
What is the ten thousands digit of 14953?
1
What is the hundreds digit of 900?
9
What is the thousands digit of 136888?
6
What is the hundreds digit of 1287?
2
What is the tens digit of 23570?
7
What is the tens digit of 4506?
0
What is the tens digit of 1284?
8
What is the hundreds digit of 46399?
3
What is the units digit of 30626?
6
What is the hundreds digit of 22332?
3
What is the thousands digit of 5827?
5
What is the units digit of 14133?
3
What is the thousands digit of 4351?
4
What is the tens digit of 1364?
6
What is the tens digit of 1806?
0
What is the units digit of 2244?
4
What is the units digit of 768?
8
What is the units digit of 6338?
8
What is the ten thousands digit of 130677?
3
What is the hundreds digit of 555?
5
What is the hundreds digit of 9629?
6
What is the tens digit of 4633?
3
What is the units digit of 701?
1
What is the hundreds digit of 6558?
5
What is the ten thousands digit of 24300?
2
What is the ten thousands digit of 79926?
7
What is the units digit of 19265?
5
What is the thousands digit of 2030?
2
What is the hundreds digit of 27817?
8
What is the tens digit of 4287?
8
What is the tens digit of 9568?
6
What is the tens digit of 1911?
1
What is the units digit of 1864?
4
What is the hundreds digit of 382?
3
What is the thousands digit of 1436?
1
What is the hundreds digit of 356?
3
What is the units digit of 45?
5
What is the thousands digit of 1242?
1
What is the ten thousands digit of 49940?
4
What is the tens digit of 23145?
4
What is the tens digit of 12?
1
What is the tens digit of 552?
5
What is the units digit of 261?
1
What is the units digit of 6966?
6
What is the hundreds digit of 220?
2
What is the tens digit of 1777?
7
What is the units digit of 286?
6
What is the thousands digit of 98330?
8
What is the thousands digit of 43354?
3
What is the thousands digit of 1311?
1
What is the units digit of 1994?
4
What is the ten thousands digit of 94244?
9
What is the hundreds digit of 7935?
9
What is the thousands digit of 1725?
1
What is the thousands digit of 54199?
4
What is the units digit of 2592?
2
What is the tens digit of 122381?
8
What is the thousands digit of 31849?
1
What is the tens digit of 589?
8
What is the thousands digit of 1758?
1
What is the tens digit of 6163?
6
What is the tens digit of 1511?
1
What is the thousands digit of 2589?
2
What is the ten thousands digit of 13566?
1
What is the tens digit of 153?
5
What is the thousands digit of 1004?
1
What is the thousands digit of 69282?
9
What is the units digit of 69171?
1
What is the hundreds digit of 58987?
9
What is the hundreds digit of 116?
1
What is the tens digit of 278?
7
What is the hundreds digit of 98232?
2
What is the units digit of 6538?
8
What is the ten thousands digit of 11233?
1
What is the hundreds digit of 1193?
1
What is the hundreds digit of 1273?
2
What is the thousands digit of 51137?
1
What is the hundreds digit of 8306?
3
What is the hundreds digit of 2739?
7
What is the tens digit of 11842?
4
What is the hundreds digit of 80643?
6
What is the thousands digit of 6841?
6
What is the tens digit of 3090?
9
What is the units digit of 2933?
3
What is the thousands digit of 4532?
4
What is the tens digit of 1301?
0
What is the thousands digit of 2987?
2
What is the hundreds digit of 11026?
0
What is the tens digit of 38625?
2
What is the tens digit of 17049?
4
What is the hundreds digit of 7268?
2
What is the ten thousands digit of 13365?
1
What is the thousands digit of 1367?
1
What is the units digit of 2357?
7
What is the hundreds digit of 13400?
4
What is the hundreds digit of 3690?
6
What is the units digit of 123716?
6
What is the hundreds digit of 7385?
3
What is the hundreds digit of 86576?
5
What is the units digit of 1110?
0
What is the hundreds digit of 147?
1
What is the hundreds digit of 964?
9
What is the units digit of 2223?
3
What is the thousands digit of 1030?
1
What is the tens digit of 2441